{"id":23,"date":"2024-08-12T07:04:13","date_gmt":"2024-08-12T05:04:13","guid":{"rendered":"https:\/\/www.promoplus.cz\/?page_id=23"},"modified":"2024-08-15T15:36:48","modified_gmt":"2024-08-15T13:36:48","slug":"dtp","status":"publish","type":"page","link":"https:\/\/www.promoplus.cz\/index.php\/dtp\/","title":{"rendered":"DTP"},"content":{"rendered":"\n<figure class=\"wp-block-image alignfull size-large\"><img loading=\"lazy\" decoding=\"async\" width=\"1024\" height=\"227\" src=\"https:\/\/www.promoplus.cz\/wp-content\/uploads\/2024\/08\/DTP-1024x227.jpg\" alt=\"\" class=\"wp-image-113\" srcset=\"https:\/\/www.promoplus.cz\/wp-content\/uploads\/2024\/08\/DTP-1024x227.jpg 1024w, https:\/\/www.promoplus.cz\/wp-content\/uploads\/2024\/08\/DTP-300x67.jpg 300w, https:\/\/www.promoplus.cz\/wp-content\/uploads\/2024\/08\/DTP-768x170.jpg 768w, https:\/\/www.promoplus.cz\/wp-content\/uploads\/2024\/08\/DTP-1536x341.jpg 1536w, https:\/\/www.promoplus.cz\/wp-content\/uploads\/2024\/08\/DTP-2048x454.jpg 2048w\" sizes=\"auto, (max-width: 1024px) 100vw, 1024px\" \/><\/figure>\n\n\n\n<div style=\"height:20px\" aria-hidden=\"true\" class=\"wp-block-spacer\"><\/div>\n\n\n\n<div class=\"wp-block-columns is-layout-flex wp-container-core-columns-is-layout-9d6595d7 wp-block-columns-is-layout-flex\">\n<div class=\"wp-block-column is-layout-flow wp-block-column-is-layout-flow\" style=\"flex-basis:50%\">\n<div class=\"wp-block-group\"><div class=\"wp-block-group__inner-container is-layout-constrained wp-block-group-is-layout-constrained\">\n<p><strong>grafick\u00fd n\u00e1vrh<\/strong><\/p>\n\n\n\n<p>Navrhneme jak\u00fdkoli dokument pot\u0159ebn\u00fd k&nbsp;Va\u0161\u00ed prezentaci.<\/p>\n\n\n\n<p><strong>digit\u00e1ln\u00ed fotografie<\/strong><\/p>\n\n\n\n<p>V\u0161e nafot\u00edme, p\u0159\u00edpadn\u011b zpracujeme Va\u0161e fotografie. Scan, mont\u00e1\u017ee, retu\u0161e.<\/p>\n\n\n\n<p><strong>sazba, zlom<\/strong><\/p>\n\n\n\n<p>Typografick\u00e9 zpracov\u00e1n\u00ed dokumentu &#8211; od prvotn\u00edho zlomu str\u00e1nek, p\u0159es p\u0159ipojen\u00ed grafick\u00fdch obrazov\u00fdch soubor\u016f, a\u017e po tvorbu kontroln\u00edch tisk\u016f nebo p\u0159\u00edpravu souboru pro osvit a n\u00e1tisk. Platforma PC i MAC.<\/p>\n\n\n\n<p><strong>malon\u00e1kladov\u00fd tisk<\/strong><\/p>\n\n\n\n<p>Tisk v&nbsp;mal\u00e9m n\u00e1kladu od 1. do 1 000. ks. \u010cernob\u00edle i barevn\u011b. Ve form\u00e1tu do A3 oboustrann\u011b. Gram\u00e1\u017e a\u017e 250 gr. ( vizitky ). Zaji\u0161\u0165ujeme i vazbu a kniha\u0159sk\u00e9 pr\u00e1ce.<\/p>\n\n\n\n<p><strong>tisk<\/strong><\/p>\n\n\n\n<p>Zajist\u00edme V\u00e1m kone\u010dn\u00fd tisk Va\u0161ich dokument\u016f a katalog\u016f v\u010detn\u011b dopravy na m\u00edsto ur\u010den\u00ed.<\/p>\n\n\n\n<p><strong>injektov\u00fd tisk<\/strong> Velkoplo\u0161n\u00fd digit\u00e1ln\u00ed tisk, interi\u00e9rov\u00fd i exteri\u00e9rov\u00fd, fotorealistick\u00e1 kvalita, povrchov\u00e9 \u00fapravy laminac\u00ed leskl\u00e1, matn\u00e1.<\/p>\n\n\n\n<div style=\"height:30px\" aria-hidden=\"true\" class=\"wp-block-spacer\"><\/div>\n\n\n\n<figure class=\"wp-block-image size-large\"><img loading=\"lazy\" decoding=\"async\" width=\"1024\" height=\"163\" src=\"https:\/\/www.promoplus.cz\/wp-content\/uploads\/2024\/08\/logo_promo_plus-1024x163.jpg\" alt=\"\" class=\"wp-image-11\" srcset=\"https:\/\/www.promoplus.cz\/wp-content\/uploads\/2024\/08\/logo_promo_plus-1024x163.jpg 1024w, https:\/\/www.promoplus.cz\/wp-content\/uploads\/2024\/08\/logo_promo_plus-300x48.jpg 300w, https:\/\/www.promoplus.cz\/wp-content\/uploads\/2024\/08\/logo_promo_plus-768x122.jpg 768w, https:\/\/www.promoplus.cz\/wp-content\/uploads\/2024\/08\/logo_promo_plus.jpg 1407w\" sizes=\"auto, (max-width: 1024px) 100vw, 1024px\" \/><\/figure>\n<\/div><\/div>\n<\/div>\n\n\n\n<div class=\"wp-block-column is-layout-flow wp-block-column-is-layout-flow\" style=\"flex-basis:50%\"><\/div>\n<\/div>\n","protected":false},"excerpt":{"rendered":"<p>grafick\u00fd n\u00e1vrh Navrhneme jak\u00fdkoli dokument pot\u0159ebn\u00fd k&nbsp;Va\u0161\u00ed prezentaci. digit\u00e1ln\u00ed fotografie V\u0161e nafot\u00edme, p\u0159\u00edpadn\u011b zpracujeme Va\u0161e fotografie. Scan, mont\u00e1\u017ee, retu\u0161e. sazba, zlom Typografick\u00e9 zpracov\u00e1n\u00ed dokumentu &#8211; od prvotn\u00edho zlomu str\u00e1nek, p\u0159es p\u0159ipojen\u00ed grafick\u00fdch obrazov\u00fdch soubor\u016f, a\u017e po tvorbu kontroln\u00edch tisk\u016f nebo p\u0159\u00edpravu souboru pro osvit a n\u00e1tisk. Platforma PC i MAC. malon\u00e1kladov\u00fd tisk Tisk v&nbsp;mal\u00e9m n\u00e1kladu &hellip;<br \/><a href=\"https:\/\/www.promoplus.cz\/index.php\/dtp\/\" class=\"more-link pen_button pen_element_default pen_icon_arrow_double\">Pokra\u010dovat ve\u00a0\u010dten\u00ed <span class=\"screen-reader-text\">DTP<\/span><\/a><\/p>\n","protected":false},"author":1,"featured_media":0,"parent":0,"menu_order":0,"comment_status":"closed","ping_status":"closed","template":"","meta":{"footnotes":""},"class_list":["post-23","page","type-page","status-publish","hentry"],"_links":{"self":[{"href":"https:\/\/www.promoplus.cz\/index.php\/wp-json\/wp\/v2\/pages\/23","targetHints":{"allow":["GET"]}}],"collection":[{"href":"https:\/\/www.promoplus.cz\/index.php\/wp-json\/wp\/v2\/pages"}],"about":[{"href":"https:\/\/www.promoplus.cz\/index.php\/wp-json\/wp\/v2\/types\/page"}],"author":[{"embeddable":true,"href":"https:\/\/www.promoplus.cz\/index.php\/wp-json\/wp\/v2\/users\/1"}],"replies":[{"embeddable":true,"href":"https:\/\/www.promoplus.cz\/index.php\/wp-json\/wp\/v2\/comments?post=23"}],"version-history":[{"count":6,"href":"https:\/\/www.promoplus.cz\/index.php\/wp-json\/wp\/v2\/pages\/23\/revisions"}],"predecessor-version":[{"id":114,"href":"https:\/\/www.promoplus.cz\/index.php\/wp-json\/wp\/v2\/pages\/23\/revisions\/114"}],"wp:attachment":[{"href":"https:\/\/www.promoplus.cz\/index.php\/wp-json\/wp\/v2\/media?parent=23"}],"curies":[{"name":"wp","href":"https:\/\/api.w.org\/{rel}","templated":true}]}}