{"id":19,"date":"2024-08-12T06:57:00","date_gmt":"2024-08-12T04:57:00","guid":{"rendered":"https:\/\/www.promoplus.cz\/?page_id=19"},"modified":"2025-01-05T21:47:36","modified_gmt":"2025-01-05T20:47:36","slug":"home","status":"publish","type":"page","link":"https:\/\/www.promoplus.cz\/","title":{"rendered":"Home"},"content":{"rendered":"\n<figure class=\"wp-block-image alignfull size-large\"><img loading=\"lazy\" decoding=\"async\" width=\"1024\" height=\"341\" src=\"https:\/\/www.promoplus.cz\/wp-content\/uploads\/2024\/08\/Kompozice-na-uvodni-stranu-2-1024x341.png\" alt=\"\" class=\"wp-image-75\" srcset=\"https:\/\/www.promoplus.cz\/wp-content\/uploads\/2024\/08\/Kompozice-na-uvodni-stranu-2-1024x341.png 1024w, https:\/\/www.promoplus.cz\/wp-content\/uploads\/2024\/08\/Kompozice-na-uvodni-stranu-2-300x100.png 300w, https:\/\/www.promoplus.cz\/wp-content\/uploads\/2024\/08\/Kompozice-na-uvodni-stranu-2-768x256.png 768w, https:\/\/www.promoplus.cz\/wp-content\/uploads\/2024\/08\/Kompozice-na-uvodni-stranu-2.png 1200w\" sizes=\"auto, (max-width: 1024px) 100vw, 1024px\" \/><\/figure>\n\n\n\n<div style=\"height:30px\" aria-hidden=\"true\" class=\"wp-block-spacer\"><\/div>\n\n\n\n<p class=\"has-medium-font-size\"><strong>V\u00edt\u00e1me V\u00e1s<\/strong> na str\u00e1nk\u00e1ch<\/p>\n\n\n\n<p class=\"has-medium-font-size\">reklamn\u00ed agentury<\/p>\n\n\n\n<p class=\"has-medium-font-size\"><strong>PROMO+ s.r.o.<\/strong><\/p>\n\n\n\n<p class=\"has-medium-font-size\">Komplexn\u00ed slu\u017eby v oblasti reklamy a propagace.<\/p>\n\n\n\n<p class=\"has-x-large-font-size\"><strong>reklama v\u0161emi sm\u011bry &#8230;&#8230;<\/strong><\/p>\n\n\n\n<div class=\"wp-block-group is-nowrap is-layout-flex wp-container-core-group-is-layout-e3e06330 wp-block-group-is-layout-flex\">\n<div class=\"wp-block-group is-nowrap is-layout-flex wp-container-core-group-is-layout-e3e06330 wp-block-group-is-layout-flex\">\n<figure class=\"wp-block-image size-large\"><img loading=\"lazy\" decoding=\"async\" width=\"1024\" height=\"163\" src=\"https:\/\/www.promoplus.cz\/wp-content\/uploads\/2024\/08\/logo_promo_plus-1024x163.jpg\" alt=\"\" class=\"wp-image-11\" srcset=\"https:\/\/www.promoplus.cz\/wp-content\/uploads\/2024\/08\/logo_promo_plus-1024x163.jpg 1024w, https:\/\/www.promoplus.cz\/wp-content\/uploads\/2024\/08\/logo_promo_plus-300x48.jpg 300w, https:\/\/www.promoplus.cz\/wp-content\/uploads\/2024\/08\/logo_promo_plus-768x122.jpg 768w, https:\/\/www.promoplus.cz\/wp-content\/uploads\/2024\/08\/logo_promo_plus.jpg 1407w\" sizes=\"auto, (max-width: 1024px) 100vw, 1024px\" \/><\/figure>\n\n\n\n<figure class=\"wp-block-image size-medium\"><img loading=\"lazy\" decoding=\"async\" width=\"210\" height=\"300\" src=\"https:\/\/www.promoplus.cz\/wp-content\/uploads\/2024\/08\/NIC-210x300.jpg\" alt=\"\" class=\"wp-image-83\" srcset=\"https:\/\/www.promoplus.cz\/wp-content\/uploads\/2024\/08\/NIC-210x300.jpg 210w, https:\/\/www.promoplus.cz\/wp-content\/uploads\/2024\/08\/NIC.jpg 350w\" sizes=\"auto, (max-width: 210px) 100vw, 210px\" \/><\/figure>\n\n\n\n<div class=\"wp-block-group is-content-justification-right is-nowrap is-layout-flex wp-container-core-group-is-layout-fd526d70 wp-block-group-is-layout-flex\">\n<figure data-wp-context=\"{&quot;imageId&quot;:&quot;69ff68c630172&quot;}\" data-wp-interactive=\"core\/image\" data-wp-key=\"69ff68c630172\" class=\"wp-block-image size-large wp-lightbox-container\"><img loading=\"lazy\" decoding=\"async\" width=\"1024\" height=\"494\" data-wp-class--hide=\"state.isContentHidden\" data-wp-class--show=\"state.isContentVisible\" data-wp-init=\"callbacks.setButtonStyles\" data-wp-on--click=\"actions.showLightbox\" data-wp-on--load=\"callbacks.setButtonStyles\" data-wp-on-window--resize=\"callbacks.setButtonStyles\" src=\"https:\/\/www.promoplus.cz\/wp-content\/uploads\/2025\/01\/loga_ISO-1024x494.jpg\" alt=\"\" class=\"wp-image-128\" srcset=\"https:\/\/www.promoplus.cz\/wp-content\/uploads\/2025\/01\/loga_ISO-1024x494.jpg 1024w, https:\/\/www.promoplus.cz\/wp-content\/uploads\/2025\/01\/loga_ISO-300x145.jpg 300w, https:\/\/www.promoplus.cz\/wp-content\/uploads\/2025\/01\/loga_ISO-768x371.jpg 768w, https:\/\/www.promoplus.cz\/wp-content\/uploads\/2025\/01\/loga_ISO.jpg 1458w\" sizes=\"auto, (max-width: 1024px) 100vw, 1024px\" \/><button\n\t\t\tclass=\"lightbox-trigger\"\n\t\t\ttype=\"button\"\n\t\t\taria-haspopup=\"dialog\"\n\t\t\taria-label=\"Zv\u011bt\u0161it\"\n\t\t\tdata-wp-init=\"callbacks.initTriggerButton\"\n\t\t\tdata-wp-on--click=\"actions.showLightbox\"\n\t\t\tdata-wp-style--right=\"state.imageButtonRight\"\n\t\t\tdata-wp-style--top=\"state.imageButtonTop\"\n\t\t>\n\t\t\t<svg xmlns=\"http:\/\/www.w3.org\/2000\/svg\" width=\"12\" height=\"12\" fill=\"none\" viewBox=\"0 0 12 12\">\n\t\t\t\t<path fill=\"#fff\" d=\"M2 0a2 2 0 0 0-2 2v2h1.5V2a.5.5 0 0 1 .5-.5h2V0H2Zm2 10.5H2a.5.5 0 0 1-.5-.5V8H0v2a2 2 0 0 0 2 2h2v-1.5ZM8 12v-1.5h2a.5.5 0 0 0 .5-.5V8H12v2a2 2 0 0 1-2 2H8Zm2-12a2 2 0 0 1 2 2v2h-1.5V2a.5.5 0 0 0-.5-.5H8V0h2Z\" \/>\n\t\t\t<\/svg>\n\t\t<\/button><\/figure>\n<\/div>\n<\/div>\n<\/div>\n","protected":false},"excerpt":{"rendered":"<p>V\u00edt\u00e1me V\u00e1s na str\u00e1nk\u00e1ch reklamn\u00ed agentury PROMO+ s.r.o. Komplexn\u00ed slu\u017eby v oblasti reklamy a propagace. reklama v\u0161emi sm\u011bry &#8230;&#8230;<\/p>\n","protected":false},"author":1,"featured_media":0,"parent":0,"menu_order":0,"comment_status":"closed","ping_status":"closed","template":"","meta":{"footnotes":""},"class_list":["post-19","page","type-page","status-publish","hentry"],"_links":{"self":[{"href":"https:\/\/www.promoplus.cz\/index.php\/wp-json\/wp\/v2\/pages\/19","targetHints":{"allow":["GET"]}}],"collection":[{"href":"https:\/\/www.promoplus.cz\/index.php\/wp-json\/wp\/v2\/pages"}],"about":[{"href":"https:\/\/www.promoplus.cz\/index.php\/wp-json\/wp\/v2\/types\/page"}],"author":[{"embeddable":true,"href":"https:\/\/www.promoplus.cz\/index.php\/wp-json\/wp\/v2\/users\/1"}],"replies":[{"embeddable":true,"href":"https:\/\/www.promoplus.cz\/index.php\/wp-json\/wp\/v2\/comments?post=19"}],"version-history":[{"count":23,"href":"https:\/\/www.promoplus.cz\/index.php\/wp-json\/wp\/v2\/pages\/19\/revisions"}],"predecessor-version":[{"id":143,"href":"https:\/\/www.promoplus.cz\/index.php\/wp-json\/wp\/v2\/pages\/19\/revisions\/143"}],"wp:attachment":[{"href":"https:\/\/www.promoplus.cz\/index.php\/wp-json\/wp\/v2\/media?parent=19"}],"curies":[{"name":"wp","href":"https:\/\/api.w.org\/{rel}","templated":true}]}}